{"id":103268,"date":"2024-09-16T10:35:27","date_gmt":"2024-09-16T13:35:27","guid":{"rendered":"http:\/\/192.168.200.48\/?page_id=103268"},"modified":"2024-09-16T10:35:27","modified_gmt":"2024-09-16T13:35:27","slug":"casa","status":"publish","type":"page","link":"https:\/\/www.epen.gov.ar\/index.php\/casa\/","title":{"rendered":"Casa"},"content":{"rendered":"<div class=\"fusion-fullwidth fullwidth-box fusion-builder-row-1 fusion-flex-container has-pattern-background has-mask-background nonhundred-percent-fullwidth non-hundred-percent-height-scrolling\" style=\"--awb-border-radius-top-left:0px;--awb-border-radius-top-right:0px;--awb-border-radius-bottom-right:0px;--awb-border-radius-bottom-left:0px;--awb-flex-wrap:wrap;\" ><div class=\"fusion-builder-row fusion-row fusion-flex-align-items-flex-start fusion-flex-content-wrap\" style=\"max-width:1393.6px;margin-left: calc(-4% \/ 2 );margin-right: calc(-4% \/ 2 );\"><div class=\"fusion-layout-column fusion_builder_column fusion-builder-column-0 fusion_builder_column_1_5 1_5 fusion-flex-column\" style=\"--awb-bg-size:cover;--awb-width-large:20%;--awb-margin-top-large:0px;--awb-spacing-right-large:9.6%;--awb-margin-bottom-large:20px;--awb-spacing-left-large:9.6%;--awb-width-medium:100%;--awb-order-medium:0;--awb-spacing-right-medium:1.92%;--awb-spacing-left-medium:1.92%;--awb-width-small:100%;--awb-order-small:0;--awb-spacing-right-small:1.92%;--awb-spacing-left-small:1.92%;\"><div class=\"fusion-column-wrapper fusion-column-has-shadow fusion-flex-justify-content-flex-start fusion-content-layout-column\"><\/div><\/div><div class=\"fusion-layout-column fusion_builder_column fusion-builder-column-1 fusion_builder_column_3_5 3_5 fusion-flex-column\" style=\"--awb-bg-size:cover;--awb-width-large:60%;--awb-margin-top-large:0px;--awb-spacing-right-large:3.2%;--awb-margin-bottom-large:20px;--awb-spacing-left-large:3.2%;--awb-width-medium:100%;--awb-order-medium:0;--awb-spacing-right-medium:1.92%;--awb-spacing-left-medium:1.92%;--awb-width-small:100%;--awb-order-small:0;--awb-spacing-right-small:1.92%;--awb-spacing-left-small:1.92%;\"><div class=\"fusion-column-wrapper fusion-column-has-shadow fusion-flex-justify-content-flex-start fusion-content-layout-column\"><div class=\"fusion-text fusion-text-1\"><h1 class=\"activities-sidbar\" style=\"text-align: center;\">Aislamiento T\u00e9rmico<\/h1>\n<p><center><img decoding=\"async\" class=\"\" src=\"https:\/\/www.argentina.gob.ar\/sites\/default\/files\/aislamiento_02.png\" alt=\"aislamiento\" width=\"354\" height=\"228\" align=\"middle\" \/><\/center>La envolvente de una casa est\u00e1 formada por todos los elementos de construcci\u00f3n que est\u00e1n en contacto con el exterior. Estos son: pisos, techos, muros y carpinter\u00edas (puertas y ventanas). Aislar t\u00e9rmicamente la envolvente de una casa es uno de los puntos m\u00e1s importantes para reducir el consumo de energ\u00eda por calefacci\u00f3n y refrigeraci\u00f3n. Tambi\u00e9n es importante aislar las instalaciones (ca\u00f1er\u00edas y tanques de acumulaci\u00f3n).<\/p>\n<h3>Caracter\u00edsticas Energ\u00e9ticas<\/h3>\n<p>Los materiales que funcionan como aislante t\u00e9rmico (lana de vidrio, poliestireno expandido, celulosa y otros.) tienen como caracter\u00edstica una alta resistencia a la transferencia de calor. As\u00ed, reducimos las p\u00e9rdidas de calor en invierno y las ganancias en verano de la vivienda.<\/p>\n<h3>Etiqueta<\/h3>\n<div class=\"pull-left\"><img decoding=\"async\" class=\"media-object\" src=\"https:\/\/www.argentina.gob.ar\/sites\/default\/files\/etiqueta_energia_0.png\" alt=\"etiqueta de eficiencia energ\u00e9tica para vivienda\" \/><\/div>\n<p>En Argentina, desde el a\u00f1o 2010, contamos con la norma IRAM 11.900 que certifica la eficiencia t\u00e9rmica de la envolvente para calefacci\u00f3n en nuetros hogares.<br \/>\nHacia fines del a\u00f1o 2017, se public\u00f3 una nueva vesi\u00f3n de esta norma: IRAM 1900 v.2017, que propone un c\u00e1lculo integral de las distintas prestaciones energ\u00e9ticas de la vivienda (calefacci\u00f3n y refrigeraci\u00f3n, agua caliente sanitaria, iluminaci\u00f3n) e incorpora un apartado para energ\u00edas renovables. Mediante este c\u00e1lculo se estima la energ\u00eda primaria que demanda un inmueble durante un a\u00f1o y por metro cuadrado.<br \/>\nLa norma por el momento es de aplicaci\u00f3n voluntaria.<\/p>\n<div class=\"alert alert-info\">\n<div class=\"media\">\n<div class=\"media-left\"><\/div>\n<div class=\"media-body\">\n<h5><\/h5>\n<h3>Sab\u00edas que&#8230;<\/h3>\n<ul>\n<li style=\"list-style-type: none;\">\n<ul>\n<li>Aislar t\u00e9rmicamente las paredes, techos y pisos puede llegar a representar una reducci\u00f3n del consumo de calefacci\u00f3n y aire acondicionado de entre un 35% a un 70% (1)?<\/li>\n<li>Puertas y ventanas que disminuyan las infiltraciones de aire, incorporen el doble vidriado herm\u00e9tico (DVH) y eviten puentes t\u00e9rmicos (2) mejorarn la envolvente de tu casa?<\/li>\n<li>En verano, los aleros, parasoles y persianas en ventanas evitan el sol directo, reduciendo la necesidad de refrigeraci\u00f3n?<\/li>\n<li>El uso de materiales de gran capacidad t\u00e9rmica permite reducir la variaci\u00f3n de temperaturas en los espacios interiores para climas con gran amplitud t\u00e9rmica?<\/li>\n<\/ul>\n<\/li>\n<\/ul>\n<p>(1) Fuente: Subsecretar\u00eda de Ahorro y Eficiencia Energ\u00e9tica, Ministerio de Energ\u00eda y Miner\u00eda de la Naci\u00f3n.<br \/>\n(2)Puente T\u00e9rmico: son zonas en la envolvente donde se transmite m\u00e1s facilmente el calor debido a cambios en el espesor o en la uni\u00f3n de distintos materiales.<\/p>\n<\/div>\n<\/div>\n<\/div>\n<h3>Consejos Pr\u00e1cticos<\/h3>\n<ul>\n<li>Aprovechar una reforma del hogar para incorporar aislaci\u00f3n t\u00e9rmica en muros exteriores y techos: reducir\u00e1 el consumo energ\u00e9tico y por lo tanto las facturas de gas y electricidad.<\/li>\n<li>Cuando haya que cambiar puertas y\/o ventanas, incorporar carpinter\u00edas con\u00a0<strong>doble vidriado herm\u00e9tico (DVH)<\/strong>. Se mejorar\u00e1 el aislamiento t\u00e9rmico y ac\u00fastico en los ambientes.<\/li>\n<li>Si no se cambian las ventanas, agregar\u00a0<strong>burletes<\/strong>\u00a0donde no haya y cambiar los que est\u00e9n gastados.<\/li>\n<li>Al incorporar\u00a0<strong>aleros, parasoles y persianas,<\/strong>\u00a0tener en cuenta que para la orientaci\u00f3n norte la protecci\u00f3n solar debe ser horizontal, mientrasque al este y al oestedebe ser vertical.<\/li>\n<li>Cerrar las\u00a0<strong>cortinas y\/o persianas<\/strong>\u00a0durante la noche amortigua el efecto de las temperaturas bajas del exterior.<\/li>\n<\/ul>\n<p>Y&#8230;si se est\u00e1 pensando en hacer obra nueva, tener en cuenta como primer medida el clima del lugar y cu\u00e1les son las mejores soluciones para \u00e9ste. A continuaci\u00f3n enumeramos, de manera r\u00e1pida, los principales temas a considerar para lograr una vivienda m\u00e1s eficiente y sustentable:<\/p>\n<ul>\n<li>Orientaci\u00f3n<\/li>\n<li>Protecci\u00f3n solar<\/li>\n<li>Iluminaci\u00f3n Natural<\/li>\n<li>Ventilaci\u00f3n cruzada<\/li>\n<li>Aislamiento t\u00e9rmico (en toda la envolvente)<\/li>\n<li>Ganancia solar directa<\/li>\n<li>Elecci\u00f3n de materiales<\/li>\n<\/ul>\n<\/div><\/div><\/div><div class=\"fusion-layout-column fusion_builder_column fusion-builder-column-2 fusion_builder_column_1_5 1_5 fusion-flex-column\" style=\"--awb-bg-size:cover;--awb-width-large:20%;--awb-margin-top-large:0px;--awb-spacing-right-large:9.6%;--awb-margin-bottom-large:20px;--awb-spacing-left-large:9.6%;--awb-width-medium:100%;--awb-order-medium:0;--awb-spacing-right-medium:1.92%;--awb-spacing-left-medium:1.92%;--awb-width-small:100%;--awb-order-small:0;--awb-spacing-right-small:1.92%;--awb-spacing-left-small:1.92%;\"><div class=\"fusion-column-wrapper fusion-column-has-shadow fusion-flex-justify-content-flex-start fusion-content-layout-column\"><\/div><\/div><\/div><\/div>\n","protected":false},"excerpt":{"rendered":"","protected":false},"author":1,"featured_media":0,"parent":0,"menu_order":0,"comment_status":"closed","ping_status":"closed","template":"","meta":{"_exactmetrics_skip_tracking":false,"_exactmetrics_sitenote_active":false,"_exactmetrics_sitenote_note":"","_exactmetrics_sitenote_category":0,"footnotes":""},"class_list":["post-103268","page","type-page","status-publish","hentry"],"yoast_head":"<!-- This site is optimized with the Yoast SEO plugin v27.2 - https:\/\/yoast.com\/product\/yoast-seo-wordpress\/ -->\n<title>EPEN - Casa<\/title>\n<meta name=\"robots\" content=\"index, follow, max-snippet:-1, max-image-preview:large, max-video-preview:-1\" \/>\n<link rel=\"canonical\" href=\"https:\/\/www.epen.gov.ar\/index.php\/casa\/\" \/>\n<meta property=\"og:locale\" content=\"es_ES\" \/>\n<meta property=\"og:type\" content=\"article\" \/>\n<meta property=\"og:title\" content=\"EPEN - Casa\" \/>\n<meta property=\"og:url\" content=\"https:\/\/www.epen.gov.ar\/index.php\/casa\/\" \/>\n<meta property=\"og:site_name\" content=\"EPEN\" \/>\n<meta property=\"article:publisher\" content=\"https:\/\/www.facebook.com\/EPEN.Neuquen\" \/>\n<meta property=\"og:image\" content=\"https:\/\/www.argentina.gob.ar\/sites\/default\/files\/aislamiento_02.png\" \/>\n<meta name=\"twitter:card\" content=\"summary_large_image\" \/>\n<meta name=\"twitter:site\" content=\"@EPEN_Informa\" \/>\n<meta name=\"twitter:label1\" content=\"Tiempo de lectura\" \/>\n\t<meta name=\"twitter:data1\" content=\"12 minutos\" \/>\n<script type=\"application\/ld+json\" class=\"yoast-schema-graph\">{\"@context\":\"https:\/\/schema.org\",\"@graph\":[{\"@type\":\"WebPage\",\"@id\":\"https:\/\/www.epen.gov.ar\/index.php\/casa\/\",\"url\":\"https:\/\/www.epen.gov.ar\/index.php\/casa\/\",\"name\":\"EPEN - Casa\",\"isPartOf\":{\"@id\":\"https:\/\/www.epen.gov.ar\/#website\"},\"primaryImageOfPage\":{\"@id\":\"https:\/\/www.epen.gov.ar\/index.php\/casa\/#primaryimage\"},\"image\":{\"@id\":\"https:\/\/www.epen.gov.ar\/index.php\/casa\/#primaryimage\"},\"thumbnailUrl\":\"https:\/\/www.argentina.gob.ar\/sites\/default\/files\/aislamiento_02.png\",\"datePublished\":\"2024-09-16T13:35:27+00:00\",\"breadcrumb\":{\"@id\":\"https:\/\/www.epen.gov.ar\/index.php\/casa\/#breadcrumb\"},\"inLanguage\":\"es\",\"potentialAction\":[{\"@type\":\"ReadAction\",\"target\":[\"https:\/\/www.epen.gov.ar\/index.php\/casa\/\"]}]},{\"@type\":\"ImageObject\",\"inLanguage\":\"es\",\"@id\":\"https:\/\/www.epen.gov.ar\/index.php\/casa\/#primaryimage\",\"url\":\"https:\/\/www.argentina.gob.ar\/sites\/default\/files\/aislamiento_02.png\",\"contentUrl\":\"https:\/\/www.argentina.gob.ar\/sites\/default\/files\/aislamiento_02.png\"},{\"@type\":\"BreadcrumbList\",\"@id\":\"https:\/\/www.epen.gov.ar\/index.php\/casa\/#breadcrumb\",\"itemListElement\":[{\"@type\":\"ListItem\",\"position\":1,\"name\":\"Inicio\",\"item\":\"https:\/\/www.epen.gov.ar\/\"},{\"@type\":\"ListItem\",\"position\":2,\"name\":\"Casa\"}]},{\"@type\":\"WebSite\",\"@id\":\"https:\/\/www.epen.gov.ar\/#website\",\"url\":\"https:\/\/www.epen.gov.ar\/\",\"name\":\"EPEN\",\"description\":\"Ente Provincial de Energ\u00eda del Neuqu\u00e9n\",\"publisher\":{\"@id\":\"https:\/\/www.epen.gov.ar\/#organization\"},\"potentialAction\":[{\"@type\":\"SearchAction\",\"target\":{\"@type\":\"EntryPoint\",\"urlTemplate\":\"https:\/\/www.epen.gov.ar\/?s={search_term_string}\"},\"query-input\":{\"@type\":\"PropertyValueSpecification\",\"valueRequired\":true,\"valueName\":\"search_term_string\"}}],\"inLanguage\":\"es\"},{\"@type\":\"Organization\",\"@id\":\"https:\/\/www.epen.gov.ar\/#organization\",\"name\":\"Ente Provincial de Energ\u00eda del Neuqu\u00e9n\",\"url\":\"https:\/\/www.epen.gov.ar\/\",\"logo\":{\"@type\":\"ImageObject\",\"inLanguage\":\"es\",\"@id\":\"https:\/\/www.epen.gov.ar\/#\/schema\/logo\/image\/\",\"url\":\"https:\/\/www.epen.gov.ar\/wp-content\/uploads\/2024\/02\/Logo-EPEN-2.jpg\",\"contentUrl\":\"https:\/\/www.epen.gov.ar\/wp-content\/uploads\/2024\/02\/Logo-EPEN-2.jpg\",\"width\":696,\"height\":696,\"caption\":\"Ente Provincial de Energ\u00eda del Neuqu\u00e9n\"},\"image\":{\"@id\":\"https:\/\/www.epen.gov.ar\/#\/schema\/logo\/image\/\"},\"sameAs\":[\"https:\/\/www.facebook.com\/EPEN.Neuquen\",\"https:\/\/x.com\/EPEN_Informa\",\"https:\/\/www.youtube.com\/@epenprensa7384\"]}]}<\/script>\n<!-- \/ Yoast SEO plugin. -->","yoast_head_json":{"title":"EPEN - Casa","robots":{"index":"index","follow":"follow","max-snippet":"max-snippet:-1","max-image-preview":"max-image-preview:large","max-video-preview":"max-video-preview:-1"},"canonical":"https:\/\/www.epen.gov.ar\/index.php\/casa\/","og_locale":"es_ES","og_type":"article","og_title":"EPEN - Casa","og_url":"https:\/\/www.epen.gov.ar\/index.php\/casa\/","og_site_name":"EPEN","article_publisher":"https:\/\/www.facebook.com\/EPEN.Neuquen","og_image":[{"url":"https:\/\/www.argentina.gob.ar\/sites\/default\/files\/aislamiento_02.png","type":"","width":"","height":""}],"twitter_card":"summary_large_image","twitter_site":"@EPEN_Informa","twitter_misc":{"Tiempo de lectura":"12 minutos"},"schema":{"@context":"https:\/\/schema.org","@graph":[{"@type":"WebPage","@id":"https:\/\/www.epen.gov.ar\/index.php\/casa\/","url":"https:\/\/www.epen.gov.ar\/index.php\/casa\/","name":"EPEN - Casa","isPartOf":{"@id":"https:\/\/www.epen.gov.ar\/#website"},"primaryImageOfPage":{"@id":"https:\/\/www.epen.gov.ar\/index.php\/casa\/#primaryimage"},"image":{"@id":"https:\/\/www.epen.gov.ar\/index.php\/casa\/#primaryimage"},"thumbnailUrl":"https:\/\/www.argentina.gob.ar\/sites\/default\/files\/aislamiento_02.png","datePublished":"2024-09-16T13:35:27+00:00","breadcrumb":{"@id":"https:\/\/www.epen.gov.ar\/index.php\/casa\/#breadcrumb"},"inLanguage":"es","potentialAction":[{"@type":"ReadAction","target":["https:\/\/www.epen.gov.ar\/index.php\/casa\/"]}]},{"@type":"ImageObject","inLanguage":"es","@id":"https:\/\/www.epen.gov.ar\/index.php\/casa\/#primaryimage","url":"https:\/\/www.argentina.gob.ar\/sites\/default\/files\/aislamiento_02.png","contentUrl":"https:\/\/www.argentina.gob.ar\/sites\/default\/files\/aislamiento_02.png"},{"@type":"BreadcrumbList","@id":"https:\/\/www.epen.gov.ar\/index.php\/casa\/#breadcrumb","itemListElement":[{"@type":"ListItem","position":1,"name":"Inicio","item":"https:\/\/www.epen.gov.ar\/"},{"@type":"ListItem","position":2,"name":"Casa"}]},{"@type":"WebSite","@id":"https:\/\/www.epen.gov.ar\/#website","url":"https:\/\/www.epen.gov.ar\/","name":"EPEN","description":"Ente Provincial de Energ\u00eda del Neuqu\u00e9n","publisher":{"@id":"https:\/\/www.epen.gov.ar\/#organization"},"potentialAction":[{"@type":"SearchAction","target":{"@type":"EntryPoint","urlTemplate":"https:\/\/www.epen.gov.ar\/?s={search_term_string}"},"query-input":{"@type":"PropertyValueSpecification","valueRequired":true,"valueName":"search_term_string"}}],"inLanguage":"es"},{"@type":"Organization","@id":"https:\/\/www.epen.gov.ar\/#organization","name":"Ente Provincial de Energ\u00eda del Neuqu\u00e9n","url":"https:\/\/www.epen.gov.ar\/","logo":{"@type":"ImageObject","inLanguage":"es","@id":"https:\/\/www.epen.gov.ar\/#\/schema\/logo\/image\/","url":"https:\/\/www.epen.gov.ar\/wp-content\/uploads\/2024\/02\/Logo-EPEN-2.jpg","contentUrl":"https:\/\/www.epen.gov.ar\/wp-content\/uploads\/2024\/02\/Logo-EPEN-2.jpg","width":696,"height":696,"caption":"Ente Provincial de Energ\u00eda del Neuqu\u00e9n"},"image":{"@id":"https:\/\/www.epen.gov.ar\/#\/schema\/logo\/image\/"},"sameAs":["https:\/\/www.facebook.com\/EPEN.Neuquen","https:\/\/x.com\/EPEN_Informa","https:\/\/www.youtube.com\/@epenprensa7384"]}]}},"_links":{"self":[{"href":"https:\/\/www.epen.gov.ar\/index.php\/wp-json\/wp\/v2\/pages\/103268","targetHints":{"allow":["GET"]}}],"collection":[{"href":"https:\/\/www.epen.gov.ar\/index.php\/wp-json\/wp\/v2\/pages"}],"about":[{"href":"https:\/\/www.epen.gov.ar\/index.php\/wp-json\/wp\/v2\/types\/page"}],"author":[{"embeddable":true,"href":"https:\/\/www.epen.gov.ar\/index.php\/wp-json\/wp\/v2\/users\/1"}],"replies":[{"embeddable":true,"href":"https:\/\/www.epen.gov.ar\/index.php\/wp-json\/wp\/v2\/comments?post=103268"}],"version-history":[{"count":2,"href":"https:\/\/www.epen.gov.ar\/index.php\/wp-json\/wp\/v2\/pages\/103268\/revisions"}],"predecessor-version":[{"id":150615,"href":"https:\/\/www.epen.gov.ar\/index.php\/wp-json\/wp\/v2\/pages\/103268\/revisions\/150615"}],"wp:attachment":[{"href":"https:\/\/www.epen.gov.ar\/index.php\/wp-json\/wp\/v2\/media?parent=103268"}],"curies":[{"name":"wp","href":"https:\/\/api.w.org\/{rel}","templated":true}]}}